-4*b + 15. Calculate i(x).
-8
Let s(g) = -6*g**3 - 3*g**2 + 6. Let w(o) = 5*o**3 + 2*o**2 - 5. Let m(q) = 2*s(q) + 3*w(q). Calculate m(3).
78
Let u(h) = 4*h**3 - 15*h**2 + 8*h + 8. Let a(s) = 3*s**3 - 13*s**2 + 7*s + 6. Let z(m) = 6*a(m) - 5*u(m). What is z(-3)?
17
Let d(m) = -m + 12. Let i = -18 - -23. Suppose 2*t + 3*s - 8 = 7, -3*t = -i*s + 25. Calculate d(t).
12
Let u(b) be the third derivative of b**5/60 + b**4/12 - 5*b**3/6 - 93*b**2. Give u(-4).
3
Let y(r) be the third derivative of -r**4/6 - 25*r**3/6 - 2*r**2 + 52. Determine y(-6).
-1
Suppose -5*j + 1 = -y - 1, 0 = -4*y - 8. Suppose j = -3*g + g - 6, -3*c - 4*g = 30. Let l(f) = -1. Let b(s) = -s - 3. Let a(q) = -b(q) + 3*l(q). Determine a(c).
-6
Let d = -377 - -4525/12. Let v(j) be the second derivative of d*j**4 - 3/2*j**2 + 1/2*j**3 + 0 - 5*j. What is v(2)?
7
Let a(c) = -c + 4. Let n(i) = 4*i - 2. Let s(u) = -u. Let k(m) = 3*n(m) + 15*s(m). Let d be k(-3). Suppose -4*g + d*r + 13 = -2, -2*g + 24 = 4*r. Give a(g).
-2
Let l = -407 - -407. Let w(j) = j + 9. Determine w(l).
9
Let m(f) = 2*f**2 + f + 4. Suppose -9*w = -78 - 21. Suppose -4*l + w = -l - 4*d, -d = 5. Calculate m(l).
19
Let a(d) = -1 - 8*d**2 + 2*d - 1 + 12*d**2. Let s be a(1). Let c(p) = 3*p**2 - 4*p**2 - 5 + 0*p**2 + 2*p**2 - 2*p. Determine c(s).
3
Suppose -m = -2*m. Suppose 0 = r - 3 - m. Suppose 4 = -4*i, c + 2 = r*i - 0*i. Let g(n) = -n**2 - 3*n + 3. Determine g(c).
-7
Let v(a) be the third derivative of -2/3*a**3 + 0*a - 1/8*a**4 - 1/12*a**5 + 0 - 20*a**2 - 1/120*a**6. Give v(-3).
-13
Let i(z) = z**3 + 8*z**2 + 8*z + 8. Let p = 59 + -52. Suppose 5*r + p = m - 25, -5*m = -4*r - 13. Determine i(r).
1
Let h(d) = -27098*d**2 - 7*d + 27097*d**2 - 1 - 3 - 1. Suppose 0*v + 36 = 4*v. Let i be (1 - v) + 4/2. Determine h(i).
1
Suppose 0 = 23*a - 17*a - 18. Let j(b) = 4*b**2 + 0 - 4 - 2*b**2 + a*b. Give j(-3).
5
Let k(l) = l**3 - 4*l**2 + 4*l - 7. Let b be k(4). Let n(a) = 17*a - a**3 + 3*a**2 - 8*a - b*a - 1. Give n(2).
3
Let f(l) be the third derivative of -l**4/24 - l**3/3 + 8*l**2 + 5*l. Give f(-5).
3
Let v(a) = a**3 + a**2 - a + 16. Suppose -40 = 5*n - 0. Let h be 2/n - 165/60. Let q be 9/6 + h/2. What is v(q)?
16
Let b(t) = -8 + 66*t**2 - 3*t + 74*t**2 - t**3 + 72*t**2 - 223*t**2. Give b(-11).
25
Let q(j) = 3*j**2. Let f be (-616)/16 - (-3)/2. Let t = f - -38. Give q(t).
3
Let p(h) = -h**2 + 5*h - 2. Let x(n) = n**3 + 2*n**2 - 7*n + 10. Let m be x(-4). Give p(m).
-8
Let t(f) = -4*f**2 + 33*f - 45. Let h(n) = -n**2 + 8*n - 11. Let s(u) = 9*h(u) - 2*t(u). Determine s(7).
-16
Let i be 5 - (-3 + 6/2). Let m(u) = i*u**3 + 0*u + 1 - u**2 + 2*u**2 + u + 0*u**2. Let r be ((-9)/(-27))/((-2)/6). Give m(r).
-4
Let y(s) = s**2 + 8*s + 7. Let p be y(-7). Let h(q) = -5*q + p - 2 - 7*q + 8*q. Let v(a) = 5*a + 1. Let w(l) = -4*h(l) - 3*v(l). What is w(-6)?
-1
Let a be ((-12)/(-21))/((-16)/(-56)). Let u(h) = 67*h - 74*h - 5 + a*h**2 - 3*h**2. Give u(-6).
1
Let l(p) = -p + 24. Suppose 21*i + 23 = 23. Give l(i).
24
Let f(q) = q**2 - 3*q + 3. Suppose 0*c + 4*z = -2*c + 28, z + 11 = 4*c. What is f(c)?
7
Let h be ((42/5)/3)/(6/450). Let v(j) = 6*j**2 - 4 + 206*j - j**3 - h*j + 3. Give v(5).
4
Let s = 14 - 11. Let d(b) = -2*b + 2*b - 2*b + s. Determine d(-3).
9
Let i(d) = d**3 - 18*d**2 - 2. Suppose -22*g + 188 = -208. Give i(g).
-2
Let w = 10 + 4. Let n(z) = -z**3 + 15*z**2 - 13*z - 20. Let m be n(w). Let p(b) = -b**2 - 5*b + 5. Let s be p(m). Let h(v) = -2*v**3 + v**2 - 1. Calculate h(s).
2
Let y = 0 + 6. Suppose -y*g + 9 = -3*g. Let d(a) be the third derivative of -a**5/60 + 2*a**3/3 - 25*a**2. What is d(g)?
-5
Let v(y) = 7*y + 9. Suppose 2*j + 5*k = 4, j + j - 2 = -4*k. Let s(i) = -4*i - 5. Let f(t) = j*v(t) - 5*s(t). Give f(8).
-10
Suppose -6*d + 16*d + 20 = 0. Let c(o) = o**3 + 4*o**2 + 4*o + 2. Calculate c(d).
2
Let t(a) = 2*a**2 + a + 1. Let z = 11 - 13. Give t(z).
7
Let x(c) = c**2 - 11*c + 26. Let p be (10 + -14 - -11) + 0. Calculate x(p).
-2
Let c(k) be the first derivative of k**3/3 - 2*k - 1. Let f(r) = -11*r + 3. Let w be f(2). Let g = -16 - w. Give c(g).
7
Let o(i) = i**2 + 5*i + 2 + 0*i**2 - 2*i**2. Let t(x) be the third derivative of x**5/60 - 13*x**4/24 + 17*x**3/6 + 21*x**2 - 2. Let h be t(12). What is o(h)?
2
Let n(g) = 3 - g - 4 - 4. Let p(r) = 31*r + 10. Let c be p(-2). Let t = c + 48. Determine n(t).
-1
Suppose -2*w - 28 = -3*b, -53*w = -54*w - 5. Let t(l) = l**3 - 4*l**2 - 15*l + 1. Calculate t(b).
-17
Let k(f) = -f**3 + 3*f**2 + f - 3. Let u(a) be the second derivative of -8*a + 0 + 2/3*a**3 - 5/2*a**2. Let h be u(2). Give k(h).
0
Let n(i) be the third derivative of i**7/840 - i**6/72 - i**5/20 - i**4/8 - 7*i**3/6 - 19*i**2. Let k(o) be the first derivative of n(o). Calculate k(6).
-3
Let a(o) = 24*o - 125. Let r be a(5). Let v(y) = y**2 + 4*y + 5. Give v(r).
10
Let j(u) be the third derivative of -u**4/12 + u**2. Suppose 24 = -218*c + 226*c. Determine j(c).
-6
Let p(l) = -7*l**2 + 330*l - 331*l + l**2. Let g be ((-65)/(-25) + -3)*(7 - 2). Calculate p(g).
-22
Let s(f) be the third derivative of 0*f**3 + 1/240*f**6 + 0*f + 0 - 2*f**2 + 0*f**5 - 1/24*f**4. Let m(h) be the second derivative of s(h). Determine m(1).
3
Let o(z) = 3*z + 6. Let f = 346 + -354. Give o(f).
-18
Let v = -1540 - -1535. Let y(t) = t**3 + 3*t**2 + t + 9. Give y(v).
-46
Let q(x) = -84 + 13*x - 21*x + 23*x. Let v be q(6). Let n(p) = 5*p - p**2 + 3*p + 0*p**2 - 8. Calculate n(v).
4
Let x be -1*1 + (-1 - -4). Let k(q) = -2533 + 2533 - 7*q. Give k(x).
-14
Let l = 96 + -96. Let z(r) be the second derivative of -3/2*r**2 + 4*r + l - 1/20*r**5 - 2/3*r**3 - 1/4*r**4. Give z(-2).
1
Suppose 0 = -i + 11 - 6. Let f(n) = -n**2 + 8*n - 6. Give f(i).
9
Let d(o) = 2*o + 43. Let j be d(-25). Let h(r) = r + 10. Give h(j).
3
Let x(s) = -4*s**3 + 2*s**2 + 3*s - 7. Let m(n) = -5*n**3 + 3*n**2 + 4*n - 8. Let t(z) = 5*m(z) - 6*x(z). What is t(4)?
-6
Let j(v) be the first derivative of 2*v**3/3 - 5*v**2/2 + 3*v - 26. Give j(2).
1
Suppose 8*d = -65 + 105. Let x(o) = -4*o**3 + 2*o**2 - 3*o - 4. Let p(r) = -11*r**3 + 7*r**2 - 8*r - 13. Let c(q) = -3*p(q) + 8*x(q). What is c(d)?
7
Suppose -17*b = -24*b + 14. Let n(a) = -4*a**3 + 13*a**2 - 9*a - 41. Let i(h) = h**3 - 3*h**2 + 2*h + 10. Let g(p) = b*n(p) + 9*i(p). Determine g(0).
8
Let k(c) = -2*c + c**3 + 7 - 2 - 3*c + 3*c + 3*c**2. Determine k(-4).
-3
Let b(f) be the first derivative of f**2/2 + 13*f + 3. Let z = -42 + 41. Let d = -1 - z. What is b(d)?
13
Let t(m) = -m**3 - m + 6. Let x be t(0). Suppose 0 = 6*f + 30 + 24. Let q = x + f. Let o(j) = -2*j**2 - 2*j - 2. What is o(q)?
-14
Let p be 216/(-22) - 4/22. Let y = -16 - p. Let j = y - -8. Let x(z) = -3*z**3 + 3*z**2 - 2*z + 3. Determine x(j).
-13
Let q(n) = -n - 6. Let j be q(7). Let r(p) = p**2 + 13*p - 8. What is r(j)?
-8
Let j(r) be the second derivative of -r**5/20 - 7*r**4/12 + r**3/6 + 3*r**2 - 2*r. Suppose 358*k - 7 = 359*k. Calculate j(k).
-1
Let h(p) = -p + 1. Let w be ((-12)/(-54))/((-3)/(-54)). Give h(w).
-3
Let z(y) = 9*y + 8 + 19*y - 41*y + 14*y. What is z(0)?
8
Suppose -6*b + 22 = -50. Suppose -15*y + 17*y - b = 0. Let p(j) = -j**3 + 5*j**2 + 5*j + 6. What is p(y)?
0
Suppose -3*p - 4 = -4*p. Let u be -6 - (3 - (p - 0)). Let d(w) = 2*w + 5. Determine d(u).
-5
Let l = 4 + 4. Let p(a) = -9 + 3*a + a - 6*a**2 - l + 8 - 5*a**3. Let c(k) = 3*k**3 + 3*k**2 - 2*k + 5. Let b(q) = -7*c(q) - 4*p(q). Give b(1).
1
Let r(n) = 7*n**3 - 2*n**2 - 8*n - 7. Let a(k) = 15*k**3 - 3*k**2 - 16*k - 15. Let b(l) = -6*a(l) + 13*r(l). What is b(9)?
8
Let x be (24/20)/((-4)/(-10)). Let h(s) = 7*s**2 + 3*s + 7. Let j(t) = 3*t**2 + 2. Let b(z) = h(z) - 3*j(z). What is b(x)?
-8
Let g(i) = i**3 + 13*i**2 - 12*i + 30. Let z be g(-14). Let f(k) = -2*k**2 + 2*k + 2. Calculate f(z).
-2
Let a(u) = -8*u - 3. Let l = 1420 + -1414. Give a(l).
-51
Suppose -2*z - 4 = -4*g, 0 = -9*z + 5*z + 5*g + 4. Let s(q) = q**3 - 6*q**2 + 3*q - 11. Calculate s(z).
7
Let f(a) = -6 - 7 + 8 - 8*a. Let s(z) = 9*z + 6. Let b(v) = -6*f(v) - 5*s(v). Give b(1).
3
Suppose 0*w + 3*w + 1 = -n, 0 = n - 2*w - 14. Let t(p) be the second derivative of -p**4/12 + 4*p**3/3 - 3*p**2/2 + 7*p + 29. Determine t(n).
-3
Suppose o - 16 = -3*o - 2*w, -4*o + 3*w + 36 = 0. Suppose -4*j = r - 12, 4*r - 1 + 7 = 2*j. Let k(x) = r*x - 4*x + 1 